{"id":249,"date":"2020-12-14T10:39:39","date_gmt":"2020-12-14T13:39:39","guid":{"rendered":"http:\/\/www.zequinhabarreto.com.br\/?page_id=249"},"modified":"2020-12-14T13:49:33","modified_gmt":"2020-12-14T16:49:33","slug":"biblioteca-popular","status":"publish","type":"page","link":"http:\/\/www.zequinhabarreto.com.br\/index.php\/biblioteca-popular\/","title":{"rendered":"Biblioteca Popular"},"content":{"rendered":"<p>O Instituto Socialismo e Democracia Jos\u00e9 Campos Barreto &#8211; IZB, mant\u00e9m um espa\u00e7o de cultura e conhecimento: \u00e9 a Biblioteca Popular Arc\u00eanio Rodrigues da Silva, que hoje conta com um acervo de mais de 6 mil livros, al\u00e9m de revistas, jornais, documentos, DVDs e CDs.<\/p>\n<p>&nbsp;<\/p>\n<p>Um dos destaques da Biblioteca \u00e9 o acervo de documentos hist\u00f3ricos das lutas dos trabalhadores nos movimentos oper\u00e1rio, estudantil e popular, n\u00e3o s\u00f3 de Osasco e regi\u00e3o, mas de todo o pa\u00eds.<\/p>\n<p>O acervo de livros conta com obras raras e outras que s\u00e3o referenciais, principalmente nas \u00e1reas de ci\u00eancias humanas e sociais, hist\u00f3ria e pol\u00edtica. Existe ainda uma cole\u00e7\u00e3o de filmes e document\u00e1rios em DVD. Tudo \u00e9 acess\u00edvel aos s\u00f3cios e pesquisadores.<\/p>\n<figure id=\"attachment_250\" aria-describedby=\"caption-attachment-250\" style=\"width: 750px\" class=\"wp-caption aligncenter\"><img loading=\"lazy\" class=\"size-jnews-featured-750 wp-image-250\" src=\"http:\/\/www.zequinhabarreto.com.br\/wp-content\/uploads\/2020\/12\/03_Estantes_Biblioteca_IZB-750x422.jpg\" alt=\"\" width=\"750\" height=\"422\" srcset=\"http:\/\/www.zequinhabarreto.com.br\/wp-content\/uploads\/2020\/12\/03_Estantes_Biblioteca_IZB-750x422.jpg 750w, http:\/\/www.zequinhabarreto.com.br\/wp-content\/uploads\/2020\/12\/03_Estantes_Biblioteca_IZB-300x169.jpg 300w, http:\/\/www.zequinhabarreto.com.br\/wp-content\/uploads\/2020\/12\/03_Estantes_Biblioteca_IZB-1024x576.jpg 1024w, http:\/\/www.zequinhabarreto.com.br\/wp-content\/uploads\/2020\/12\/03_Estantes_Biblioteca_IZB-768x432.jpg 768w, http:\/\/www.zequinhabarreto.com.br\/wp-content\/uploads\/2020\/12\/03_Estantes_Biblioteca_IZB-1536x864.jpg 1536w, http:\/\/www.zequinhabarreto.com.br\/wp-content\/uploads\/2020\/12\/03_Estantes_Biblioteca_IZB-2048x1152.jpg 2048w, http:\/\/www.zequinhabarreto.com.br\/wp-content\/uploads\/2020\/12\/03_Estantes_Biblioteca_IZB-1140x641.jpg 1140w\" sizes=\"(max-width: 750px) 100vw, 750px\" \/><figcaption id=\"caption-attachment-250\" class=\"wp-caption-text\">Biblioteca Popular do IZB<\/figcaption><\/figure>\n<h2><strong>Arc\u00eanio, exemplo de luta<\/strong><\/h2>\n<p>&nbsp;<\/p>\n<p>A Biblioteca Popular leva o nome de um lutador hist\u00f3rico em defesa dos trabalhadores. Arc\u00eanio Rodrigues da Silva foi dirigente da Oposi\u00e7\u00e3o Sindical Metal\u00fargica de S\u00e3o Paulo nos anos 1970 a 1990, lutou na resist\u00eancia \u00e0 ditadura, foi preso pol\u00edtico na d\u00e9cada de 1960. Teve um papel destacado na retomada das lutas oper\u00e1rias no come\u00e7o da d\u00e9cada de 1980, que marcou o fim da ditadura. Foi ativista nas Comiss\u00f5es de F\u00e1brica, e posteriormente, chegou a dirigente sindical nos Qu\u00edmicos de Osasco, Campinas e Vinhedo. Arc\u00eanio faleceu em 2002, pouco antes da funda\u00e7\u00e3o do IZB, em 2003.<\/p>\n<p>&nbsp;<\/p>\n<p>&nbsp;<\/p>\n<p>&nbsp;<\/p>\n<p>IZB<\/p>\n","protected":false},"excerpt":{"rendered":"<p>O Instituto Socialismo e Democracia Jos\u00e9 Campos Barreto &#8211; IZB, mant\u00e9m um espa\u00e7o de cultura e conhecimento: \u00e9 a Biblioteca Popular Arc\u00eanio Rodrigues da Silva, que hoje conta com um acervo de mais de 6 mil livros, al\u00e9m de revistas, jornais, documentos, DVDs e CDs. &nbsp; Um dos destaques da Biblioteca \u00e9 o acervo de [&hellip;]<\/p>\n","protected":false},"author":1,"featured_media":296,"parent":0,"menu_order":0,"comment_status":"closed","ping_status":"closed","template":"","meta":[],"_links":{"self":[{"href":"http:\/\/www.zequinhabarreto.com.br\/index.php\/wp-json\/wp\/v2\/pages\/249"}],"collection":[{"href":"http:\/\/www.zequinhabarreto.com.br\/index.php\/wp-json\/wp\/v2\/pages"}],"about":[{"href":"http:\/\/www.zequinhabarreto.com.br\/index.php\/wp-json\/wp\/v2\/types\/page"}],"author":[{"embeddable":true,"href":"http:\/\/www.zequinhabarreto.com.br\/index.php\/wp-json\/wp\/v2\/users\/1"}],"replies":[{"embeddable":true,"href":"http:\/\/www.zequinhabarreto.com.br\/index.php\/wp-json\/wp\/v2\/comments?post=249"}],"version-history":[{"count":0,"href":"http:\/\/www.zequinhabarreto.com.br\/index.php\/wp-json\/wp\/v2\/pages\/249\/revisions"}],"wp:featuredmedia":[{"embeddable":true,"href":"http:\/\/www.zequinhabarreto.com.br\/index.php\/wp-json\/wp\/v2\/media\/296"}],"wp:attachment":[{"href":"http:\/\/www.zequinhabarreto.com.br\/index.php\/wp-json\/wp\/v2\/media?parent=249"}],"curies":[{"name":"wp","href":"https:\/\/api.w.org\/{rel}","templated":true}]}}